*f + 8. Let n(h) = -h - 1. Let u(p) = -i(p) + n(p). Let k be u(6). Let b = 799 + -736. What is the greatest common factor of k and b?
9
Suppose 0*f + f + 4*a - 22 = 0, 32 = 3*f - 5*a. Let d be 8/(-52) + 1458/13. Calculate the highest common divisor of f and d.
14
Suppose 96 = -2*q + 110. Let h = 4 + -3. Calculate the highest common factor of q and h.
1
Suppose -5*v - 25 = -135. What is the greatest common divisor of 110 and v?
22
Let o(q) = -q**3 + 17 - q + 29 - 14 - q**2. Let d be (0 + 0)/(-6 - -5). Let s be o(d). What is the greatest common divisor of s and 4?
4
Suppose 0 = 2*j + 17 - 69. Let s be (0 - j)/(-12 - -10). Calculate the greatest common factor of 65 and s.
13
Let h(a) = -a**2 - 8*a - 6. Let k be h(-6). Let v = 6 - k. Suppose -w + v*w + 36 = 0. Calculate the greatest common factor of w and 4.
4
Suppose -q = 4*q - 5*i - 5, -2 = -2*i. Suppose -2*n + q = -2. Let a = -11 - -17. Calculate the highest common factor of n and a.
2
Let j(o) = 4*o + 473. Let b be j(0). What is the greatest common divisor of b and 43?
43
Let q(k) = k**3 - 4*k**2 + 2*k - 1. Let z be q(3). Let g = z + 7. What is the greatest common divisor of 12 and g?
3
Let n be 1 + -1 + (-90)/3. Let q = n + 290. Suppose 2*k - q = -3*k. Calculate the highest common factor of k and 13.
13
Let x(t) = -t**3 + 3*t**2 - 1. Let n be x(2). Let r(q) = 4*q + 5. Let i be r(7). Calculate the highest common factor of i and n.
3
Let y be -6 - (-4 - -1) - -7. Calculate the greatest common divisor of 16 and y.
4
Suppose 2*x = -s - 2*s, -3*x = -2*s - 26. Let f be 12/9*9/x. Suppose -3*v = -38 + f. What is the highest common factor of 4 and v?
4
Suppose 51 = 7*t - 40. Let v be 3*2/(-4)*-26. Calculate the greatest common divisor of t and v.
13
Suppose -2*j + 4*j = 4. Suppose -297 = -q - j*q. Calculate the greatest common factor of 11 and q.
11
Let c be (0 + -1)*4/(-2). Let d be 11 + (0/(-3) - c). Let w(q) = 2*q - 7. Let t be w(5). What is the highest common divisor of d and t?
3
Let t be 14*(-4)/(-8) + -1. What is the greatest common divisor of 18 and t?
6
Suppose w = 11 - 4. Calculate the highest common divisor of w and 63.
7
Suppose 2*j = -4*s + 18, 2*j - 3 = 2*s + 3. Suppose j*a + 12 = 62. Suppose 0 = 5*g - 0*g, 3*p + g = 90. What is the greatest common divisor of p and a?
10
Let r(y) = -y**3 + 8*y**2 - 5*y - 9. Let o be r(7). Suppose -3 = o*p - 13. Suppose f + 88 = p*f. What is the highest common divisor of 8 and f?
8
Let y be 2/(-6) + 76/12. Suppose 0*k = -5*k + 670. Suppose 3*b - 4*s - k = -0*s, -5*s = 3*b - 116. Calculate the greatest common factor of b and y.
6
Let o = -434 - -816. Suppose -4*k = -2*j + o, -j = 4*k - 5*j + 372. Let q = -56 - k. What is the highest common factor of q and 14?
14
Suppose 0 = 5*h - 11 + 6. What is the greatest common divisor of 1 and h?
1
Let k be 36/(-126)*(-1)/((-1)/(-14)). Calculate the highest common factor of k and 64.
4
Suppose -5*g + 1100 = -i, -682 = g - 4*g + 5*i. Suppose -4*r + g - 39 = 0. Let n = -12 - -21. What is the highest common factor of r and n?
9
Suppose 0 = 2*w - 4, 4*j + 2*w - 79 = -3. Calculate the highest common factor of 12 and j.
6
Let d be ((-42)/9 - 0)*-3. Calculate the highest common divisor of 35 and d.
7
Suppose 5*c + 6 + 9 = 0. Let y(j) = 2*j + 12. Let q be y(-8). Let s = c - q. What is the greatest common factor of 1 and s?
1
Suppose 0 = -3*q - 5*r + 47, -4*q - 4*r + 37 = -39. Let c be 20/6*72/15. Calculate the greatest common divisor of q and c.
8
Let u(r) = 15*r**3 + r**2. Let c be u(1). Let f be (-8)/(3 + 14/(-4)). Calculate the greatest common divisor of c and f.
16
Let w = 7 - 9. Let o(h) = -2*h**3 - 4*h**2 - 2*h + 2. Let x be o(w). Let j = -36 + 60. What is the greatest common divisor of x and j?
6
Suppose -5*u = -0*u - l - 275, -34 = -u - 4*l. Calculate the greatest common factor of 9 and u.
9
Suppose -3*b + 38 = -2*u - 33, -u + 2 = 0. Suppose 4*w + 3*m - b = 3*w, -m - 48 = -4*w. Calculate the highest common factor of 13 and w.
13
Let o be -4 - ((-180)/75)/(3/20). Let d(s) = s**2 - s + 12. Let c be d(0). Calculate the greatest common factor of c and o.
12
Let u = -3 - -7. Suppose -u*m = -0*m - 192. Calculate the greatest common divisor of 32 and m.
16
Let z(l) = l**2 - 6*l - 6. Let s be z(8). Suppose -2*m - 5*g = -g - 116, -5*g = 3*m - 170. What is the greatest common factor of s and m?
10
Let p be 1*9 - (-4)/2. Let g = p - 7. Suppose 3*c = g*c - 126. Calculate the highest common factor of c and 14.
14
Let b be (1 - 2/8) + (-26)/(-8). What is the highest common factor of 12 and b?
4
Let g(f) = f. Let v be g(4). Suppose -4*u + r + 9 = 0, 0 = 2*u + 3*r - 4 + 3. Calculate the greatest common divisor of u and v.
2
Let a be ((-3)/6)/(-1)*-16. Let s = a + 11. Suppose -5*i + 83 - s = 0. Calculate the greatest common factor of i and 40.
8
Suppose m = 1 - 6. Let n = -4 - m. Let u(h) = -12*h**3 - 2*h**2 + 1. Let p be u(-1). What is the highest common factor of n and p?
1
Suppose 56 = m - 24. Calculate the greatest common divisor of m and 32.
16
Suppose -3*i - 9 + 39 = 0. Calculate the greatest common divisor of 40 and i.
10
Suppose 0 = h - 0*h + 1. Let s be (0 + -1)*2*h. Suppose -s*j + 19 + 15 = 0. What is the greatest common divisor of 51 and j?
17
Suppose -x + 0*x - 4*j + 11 = 0, -4*j = 2*x - 26. Let f(c) = 5*c**2 + 4*c - 4. Let y be f(-4). Calculate the highest common divisor of x and y.
15
Let c be ((-2)/5)/((-2)/5). Suppose 5*s - 26 = q, 2*s - 4*q = 3*s - c. What is the greatest common factor of 55 and s?
5
Let w be (-5)/(-10) - (-29)/(-2). Let q be w/(-3) - (-1)/3. Let m be 4/(-18) + (-94)/(-18). What is the highest common divisor of m and q?
5
Let s(p) = p**3 - 5*p**2 + p - 1. Let i be s(5). Let k(n) = 3 - i - n**2 - 2*n - n. Let l be k(-2). What is the greatest common factor of l and 6?
1
Suppose 0 = y - 4*b - 6 - 17, b = 4*y - 47. Let n(p) = -29*p + 178. Let a be n(5). Calculate the greatest common divisor of a and y.
11
Let h be (8/((-2)/(-1)))/((-40)/(-380)). Calculate the greatest common divisor of h and 57.
19
Suppose -6 = 4*v - 22, 3*x = -2*v + 224. Suppose 3*z - 2 + 26 = 0. Let i = 16 + z. What is the greatest common divisor of x and i?
8
Let w = 35 - 3. Let u be (w + 3)*(-6)/(-15). Let y(z) = -3*z - 1. Let l be y(-5). What is the highest common divisor of l and u?
14
Suppose 0 = 6*k - 24 - 558. Suppose -23 = -6*x + k. Calculate the greatest common factor of x and 10.
10
Let d be (1*2)/((-4)/(-46)). Suppose -v - 5*b + 72 = d, 0 = -3*v + 2*b + 62. Calculate the greatest common divisor of v and 16.
8
Let s be (-1 - -2) + (-1 - -4). Suppose 5*n - 154 = g, n + 106 = 4*n - s*g. What is the highest common divisor of 15 and n?
15
Let o be (31 + 0 + 5)*(-2)/(-4). What is the highest common factor of o and 9?
9
Let w(h) = 4*h**3 - 5*h**2 + 3*h. Let l be w(3). Calculate the highest common factor of 24 and l.
24
Suppose -2*o - 2*o + 38 = -2*k, o + 5*k = 15. Let a(f) = f + 2. Let t be a(8). What is the greatest common divisor of o and t?
10
Suppose 0*j + 3*j = 39. Let h be j + 46 + (-2)/(-2). What is the highest common divisor of 12 and h?
12
Suppose j + 40 = 21*j. Calculate the greatest common factor of 28 and j.
2
Let m be (1520/(-57))/((-1)/3). What is the greatest common divisor of 32 and m?
16
Let j(q) = q + 1. Let o be j(4). Suppose -o*g + 53 = -22. Let z = -1 + 46. What is the greatest common factor of g and z?
15
Let l = -27 + 61. Let q be 123/(-6) - 2/(-4). Let w = q + l. What is the greatest common factor of 2 and w?
2
Let c(d) = -2*d - 4. Let x be c(-6). Suppose f + 6 = -u, -f + x*u - 22 = 5*u. Let i be f/45 - (-173)/9. What is the greatest common divisor of 19 and i?
19
Let r be 15 + -16 - (0 - -1)*-3. Calculate the highest common divisor of r and 2.
2
Let y = -151 + 286. Calculate the highest common divisor of 15 and y.
15
Let s be 60/9*(-96)/(-20). Suppose -4*n = -0*n - 3*p - 41, 0 = 5*n - p - 43. Calculate the highest common divisor of s and n.
8
Let g = -183 + -93. Let d = g + 463. What is the greatest common divisor of 17 and d?
17
Let i(g) = -8*g. Let c be i(-1). Calculate the highest common divisor of 12 and c.
4
Let d = -32 - -50. What is the highest common factor of d and 162?
18
Let d(i) = i**3 + 13*i**2 + 8*i - 9. Let w be d(-12). Suppose 0 = 3*v + w - 207. Calculate the greatest common divisor of v